t(37). Let f(r) = -r**3 - 5*r**2 - 5*r - 14. What is f(k)?
-10
Let s(j) be the first derivative of -j**4/2 + j**3/3 + 20*j + 25. Let c be s(0). Suppose -2*f + c = 2*f. Let u(d) = -d**3 + 4*d**2 + 6*d - 3. Determine u(f).
2
Let f(h) = -h**2 + h**3 + 105*h + 104*h + 1 - 209*h. Let j(w) = -3*w**3 + 17*w**2 - 14*w + 2. Let r(a) = -4*f(a) - j(a). Determine r(-14).
-6
Let j(l) be the third derivative of -l**6/120 + 7*l**5/20 - 19*l**4/24 - 23*l**3/6 + 1326*l**2. Give j(20).
-3
Suppose -l - 2 = j + j, -2*l + 2*j - 16 = 0. Let u be (-1794)/437 + l/(-57). Let b(c) = 2*c + 2 - 5*c - 5. Give b(u).
9
Let t(a) be the first derivative of -a**2/2 + 7*a - 6. Suppose -5*b = 3*v + 7 - 28, 4*v + 12 = 0. Calculate t(b).
1
Let s = 121 + -122. Let l(a) = 2*a - 1. Let f(u) = -u**2 + 9*u - 2. Let h(q) = s*l(q) + f(q). Give h(3).
11
Let s(n) = -32*n + 36. Let v(y) = -13*y + 17. Let f(q) = -2*s(q) + 5*v(q). Calculate f(6).
7
Let u(o) = -8*o - 9973 - 9875 + 19824. What is u(0)?
-24
Let i(c) be the second derivative of -5*c**3/3 + 3*c**2/2 + 2*c - 498. Give i(-3).
33
Let x(m) = m**3 + 7*m**2 - 7. Let k = -601 - -522. Let z = k + 72. Give x(z).
-7
Let w(x) = 1 - 7 - 25*x + 24*x + 1. Let c(z) = -16*z**2 + 22*z - 6. Let i be c(1). Calculate w(i).
-5
Let j = 2 - 4. Let y(s) = 5*s - 3. Let q(d) = 3*d - 4. Let z(n) = -q(n) + y(n). Give z(j).
-3
Let p(y) = -8*y + 3. Let a(i) = 380*i - 140. Let w(v) = -3*a(v) - 140*p(v). Give w(5).
-100
Let w(k) = k - 2. Suppose -3*b = -7*b + 12. Let p(u) = u**3 - 4*u**2 + 2*u. Let o be p(b). Let f(v) = -v - 1. Let y be f(o). What is w(y)?
0
Let y = 5131 + -5131. Let n(a) be the third derivative of y*a + 0 - 1/6*a**3 + 1/24*a**4 - 4*a**2. Give n(4).
3
Let r = 1458 - 1470. Let c(l) = -l**2 - 12*l + 4. What is c(r)?
4
Let l(b) be the third derivative of b**4/24 + 15*b**3/2 + 312*b**2 + 3. Calculate l(0).
45
Let c(h) be the first derivative of -h**4/4 + 2*h**2 - 2*h - 825. Give c(3).
-17
Let k(a) = a**3 - 3*a**2 + 2*a + 2. Let p = -130 + 131. Let s be 3 - -26 - (3 - p). Suppose s = 8*v + v. Determine k(v).
8
Let k(x) be the first derivative of 1/3*x**3 + 11/2*x**2 - 212 - 7*x. Determine k(-11).
-7
Let z(g) = 2*g + 10. Let x be z(-7). Let a(k) be the first derivative of 3*k**2 - k + 9028. What is a(x)?
-25
Let b(k) = k**2 - 27*k + 74. Suppose -3 = 3*p - 78. Let u be b(p). Let f be (-66)/u - (-3)/(-12). Let y(g) = -g**3 - 5*g**2 - 3*g + 2. Determine y(f).
-7
Suppose -38 = -14*q + 11*q + 4*v, 4*v = -3*q + 46. Let j(d) = 13*d**2 + q*d**2 + 22*d**2 - 15 - 65*d**2 + 17*d**2. What is j(0)?
-15
Suppose 0*x = 4*k + 5*x - 12, -5*k = -x - 15. Suppose -o + 6 = -2*c, -c + o - 2*o = -k. Let j(g) = -5 + 1 + 3 - g. What is j(c)?
0
Let r = -27 - -22. Let c(v) = 1629 - 1626 + 5*v + 0*v**2 + v**2. Give c(r).
3
Let h(c) = -c**2 + 10. Suppose 0 = -7*u + 6*u. Suppose 5*f + 4*t - 22 = 0, 2 = -2*f - u*t + 2*t. Let y be (-5 - -5)/(f - 4). What is h(y)?
10
Let b(f) = 36 - 30*f + 1 - 75 - f**2 + 28. Calculate b(-30).
-10
Let d(m) be the first derivative of -1/3*m**3 - 115 + m + 2*m**2. Calculate d(7).
-20
Let k(t) = -2 + 0*t**3 - 5*t - t**3 + 132*t**2 - 125*t**2. Let v be k(6). Let l(z) = 1 + 4*z**2 - 301*z - z**3 + 152*z + 153*z. Calculate l(v).
17
Let a = -13294 + 13300. Let h(r) = -r**2 - r - 1. Let b(z) = 5*z**2 + 8*z + 13. Let w(c) = -b(c) - 6*h(c). What is w(a)?
17
Let m(g) = -2 + 14*g**2 + 153*g - 39*g**3 - 75*g - 24*g**2 + 9*g**2 - 74*g. Calculate m(1).
-38
Let l(c) = c**3 - 8*c**2 + 11*c - 11. Let n be l(7). Let s(m) = 5*m - 83. Let b be s(n). Let k(i) = 4*i + 1. What is k(b)?
9
Let z(c) = -5*c + 43. Let q be z(8). Let t(g) = -q*g**2 - 7*g**2 + 11*g**2 - 2*g - 2*g**2 + 7. Let j be t(2). Let a(m) = 21*m**3 - m**2 - 2*m - 1. Give a(j).
-21
Let y(k) = -66*k + 758 - 73*k - 726 + 122*k. Calculate y(4).
-36
Let r(k) = 4*k. Let p(u) = -u**3 + 27*u**2 + 31*u - 84. Let n be p(28). Suppose n = -7*l + 25 - 18. What is r(l)?
4
Suppose -121 = -2*t - 107. Let z(j) = 589*j - 299*j + t - 292*j. Calculate z(6).
-5
Let f = 1503 - 1491. Let k(l) = l**3 - 11*l**2 - 11*l + 11. What is k(f)?
23
Let v(c) = 3*c + 455. Let r(k) = 2*k + 247. Let i(u) = 11*r(u) - 6*v(u). Give i(4).
3
Let k be ((-246)/(-779) - (-5993)/(-988)) + (-5)/4. Let z(o) = -8 - 3*o + 7 - 8. Let j(g) = -4*g - 10. Let m(v) = -4*j(v) + 5*z(v). What is m(k)?
-12
Let t(q) be the third derivative of q**7/2520 - q**6/72 - 7*q**5/120 + 317*q**4/24 + 2*q**2 - 1. Let y(v) be the second derivative of t(v). Give y(11).
4
Let j = 262 + -216. Let u = 53 - j. Let r(n) = 2*n - 2. Give r(u).
12
Let i(o) = 9*o**3 + 4*o**2 - o - 24. Let q(h) = -2*h**3 - h**2 + 5. Let y(l) = i(l) + 5*q(l). Let c be 12/(-8) - (-2)/(-4). Calculate y(c).
7
Let j(s) = -10*s + 27813 + 6*s - 14*s - 27325. Give j(27).
2
Let z = -10674 + 10679. Let v(o) = -o**2 + 7*o - 4 - 5 - 1 - 1. Calculate v(z).
-1
Let n(s) = -s**3 - 3*s**2 + 4*s + 3. Let d be n(-4). Let t(f) = -3*f**2 - 6*f**2 - 7 + 6*f + 5*f**2 - f**d - 3*f**2. Let z = -6 - 2. Determine t(z).
9
Suppose 22 = -4*w + 15*w. Let m = -2 + 6. Let c(y) = -3*y + 6*y - m*y - y**2 + 2*y. Give c(w).
-2
Let f(z) be the third derivative of -z**7/5040 - 7*z**6/240 - z**5/15 + z**3/3 + 7*z**2 + 20. Let h(d) be the third derivative of f(d). Determine h(-18).
-3
Let k(a) = -a - 1. Let m(w) = 2*w + 8. Let y(v) = -10*k(v) - 2*m(v). Let p(q) = q - 1. Let f(n) = 11*p(n) - 2*y(n). Give f(0).
1
Let m be 3/((1/3)/1). Let c(n) = -n**3 + 2*n**2 + 20*n - 46. Let z be c(4). Let h(s) = 9 - 6 - z - 7 - 4 + s. Determine h(m).
-1
Let s(i) = -38 + 59*i - 58*i + 35. Let l = -9 + 14. Calculate s(l).
2
Suppose 0 = 5*j + 5*l - 370, 7*l = 5*j + 3*l - 406. Suppose -96 + j = 3*f. Let k(m) = -m**2 - 6*m - 4. Determine k(f).
-4
Let i(b) = -b**2 + b. Let j(h) = -h**3 - 6*h**2 - 10*h - 5. Let y(z) = 4*i(z) + j(z). What is y(-9)?
-32
Let c(q) be the third derivative of 0 - 4*q + 1/24*q**4 + 3*q**2 + 2/3*q**3. Determine c(0).
4
Let x = 53 - -9. Suppose 4*c = -74 + x. Let g(d) be the third derivative of d**6/120 + d**5/60 - d**4/6 - d**3/2 + 2*d**2. What is g(c)?
-9
Let p be 11/88 + (-279)/(-72). Let v(d) = 2*d - 21. Calculate v(p).
-13
Let w(u) = 12 + 2*u - 12*u + 8*u - 3*u. Let r be w(1). Let a(q) = q**3 - 7*q**2 + 2*q + 5. Give a(r).
19
Let n(g) = -g**2 - 13*g - 12. Let f = -4662 - -4649. Determine n(f).
-12
Let d be (10 + 32/(-6))/(4/(-162)). Let l = d + 182. Let n(y) = 2*y + 12. Determine n(l).
-2
Let s be ((-19)/5 - -3)/((-2)/(-75)). Let l = -27 - s. Let q(u) = -3*u - 2 + l*u**2 + 0*u**3 + 0*u - 7*u**2 - u**3. What is q(-3)?
-2
Let z(b) = -b**3 + 15*b**2 + 54*b - 6. Let h be z(18). Let g(n) be the third derivative of 1/12*n**4 + 3/2*n**3 + 0*n + 4*n**2 + 0. Give g(h).
-3
Let g(d) = -6*d**2 + 5*d + 22. Let f(y) = -y**2 + y + 1. Let z(j) = 2*j**2 + j - 14. Let u(m) = -5*f(m) + z(m). Let a(r) = -6*g(r) - 7*u(r). Give a(1).
-14
Let r = -186 + 256. Let n(a) = -20*a - 5 + r*a - 28*a - 24*a. Give n(-6).
7
Let x be (-1 + (-5)/(-3))/((-4)/(-66)). Suppose 5*n - 15 = d, 13*n - d - x = 10*n. Let s(p) = 3*p + 4. What is s(n)?
10
Let l = -8 + 60. Let h(x) = -3*x + 4*x - 60 + 107 - l. Let z = 13 + -19. Give h(z).
-11
Let d(r) be the third derivative of -r**6/120 + 7*r**5/15 - 9*r**4/4 + 53*r**3/6 + 1671*r**2. What is d(26)?
1
Let d(w) = w**3 - 7*w**2 - 13*w. Let g(p) = -2*p**2 - 12*p + 8. Let b be g(-6). What is d(b)?
-40
Let m(t) = t**3 + 4*t**2 - 2*t - 6. Let k be m(-4). Let i be (2 - (-20)/(-6))*(2 - -16). Let r be (k/6)/(2/i). Let d(b) = b**3 + 4*b**2 + 2*b + 1. Give d(r).
-7
Let a(i) = i**3 + 6*i**2 + i + 28. Let c be (-15)/(-45)*(-54)/30*-5*-2. Determine a(c).
22
Let f(h) = 40*h - 63*h**2 + 14*h**3 - 2 + 62*h**2 - 21*h - 21*h. What is f(-1)?
-15
Let u(r) = -3*r**3 - r**2 - r - 1. Let z = 131 - 185. Let s = z + 54. Suppose 3*a - 8 + 11 = s. Determine u(a).
2
Suppose -6*l - 4*p - 4 = -10*l, -5 = l - 4*p. Let i(u) = -4374 + 4371 - u**l - 5*u**2 + 10*u + 0*u**3. What is i(-7)?
25
Let s(w) = 5*w**3 - 16*w**2 - 16. Let y(f) = -f**3 + 4*f**2 + f. Let q(h) = s(h) + 4*y(h). Give q(2).
0
Suppose 4*h - 4*a - 16 = 0, -h + 2*h + 4*a + 6 = 0. Let g(x) = 6*x**2 + x**h - 6*x**2 + 4*x. Give g(-3).
-3
Let g be (-11)/(88/(-40)) - 6/2. Let b(j) = 5*j + 29*j**2 - 14*j**2 + j**3 - 20*j**g - 6. Give b(4).
-2
Let v(s) = 4*s + 111*s**2 + 23 - 109*s**2 + 15 + 17 - 53. What is v(